
Let o(w) = -w**3 + 3*w**2 + 153*w - 270. What is the remainder when 9277 is divided by o(13)?
26
Let q(a) = -2*a**2 + 16*a - 7. Let b be q(6). Suppose 0 = -0*k + 4*k + 4, -4*h + 5*k + b = 0. What is the remainder when 6 is divided by h?
0
Let x be (6/15 - 4)/(4/(-10)). Suppose d - 82 = -d. Calculate the remainder when d is divided by ((-6)/x)/(2/(-45) + 0).
11
Suppose 736 = 26*v - 382. What is the remainder when v is divided by (130/35 - -4)/((-15)/(-70))?
7
Suppose -6*n + 2*n + 992 = -2012. Calculate the remainder when n is divided by 9.
4
Let y = -24865 + 25533. What is the remainder when y is divided by 124?
48
Suppose -5801*b + 5755*b + 2254 = 0. What is the remainder when 570 is divided by b?
31
Let v = -175 + 197. Let l(x) = x - 5*x + 5*x + 0*x. Calculate the remainder when v is divided by l(6).
4
Suppose -34 = -2*t - 2*f, t + 4*f - 12 = 2. Suppose 7*p - t = p. Suppose 3*r + p*r = 174. Calculate the remainder when r is divided by 6.
5
Let a(c) = 3*c**2 + 18*c - 169. Let j(t) = 4*t**2 + 28*t - 254. Let s(g) = 7*a(g) - 5*j(g). What is the remainder when s(13) is divided by 15?
14
Suppose -35*g + 7207 = -2033. Calculate the remainder when g is divided by 22.
0
Suppose 2*k + p - 8 = 0, 5*k - 2*p - 11 = -0. Suppose -3*l + 4 = k*y - 50, 6 = y - 5*l. Calculate the remainder when y is divided by 6.
4
Let c(y) = 565*y - 3095. Calculate the remainder when c(6) is divided by 128.
39
Let h be (-5)/(-1)*32/40. Let d(l) = 3*l**2 + 30 + h*l - 28 + l**3 + 5*l**2. What is the remainder when d(-4) is divided by 17?
16
Let y = -498 + 168. Let i = y + 658. What is the remainder when i is divided by 10?
8
Let l(f) = 209*f - 14. Let w be l(3). Suppose 4*k - w = g, -3*k - 3*g - g = -455. Let r = 77 - 51. Calculate the remainder when k is divided by r.
23
Calculate the remainder when (-5 - (1 - (2 - 2))) + 767 + 2 is divided by 32.
27
Suppose -5*x = 3048 - 7593. Suppose -16*u + 7*u = -x. What is the remainder when u is divided by 8?
5
Let q(t) = 6*t**3 - 75*t**2 - 39*t + 68. Calculate the remainder when q(13) is divided by 51.
17
Suppose 4*w - 3614 = -5*q, 3181 = 5*w + 3*q - 1343. Calculate the remainder when w is divided by 281.
63
Suppose 6*q - 2009 = 259. Let i = 59 - 49. Suppose 4*j = i*j - q. Calculate the remainder when j is divided by 16.
15
Let q(g) = -2*g**3 - 327*g**2 + 158*g - 982. What is the remainder when 66 is divided by q(-164)?
0
Suppose -22 = -3*s + s. Suppose 5*m + 6 = 4*z - 14, 5*m + 20 = -z. Calculate the remainder when 187/44*7 - 1/m is divided by s.
8
Suppose 33*j + 69 + 261 = 0. Let h = j + 17. What is the remainder when 62 is divided by h?
6
Let i(w) = 540*w - 5273. What is the remainder when 2006 is divided by i(11)?
5
Let v(u) = 6*u**2 + 6*u - 8. Let z(l) = 5*l**2 + 7*l - 9. Let s(c) = 3*v(c) - 4*z(c). Calculate the remainder when 23 is divided by s(-5).
11
Suppose -5*a + 0*a = 85. Let s(t) = -t**2 - 22*t + 10. Let q be s(a). Suppose 21*w + q = 22*w. Calculate the remainder when w is divided by 20.
15
Suppose 2428 = 102*a - 1244. Calculate the remainder when 74 is divided by a.
2
Suppose -158*g + 50647 = 11621. Calculate the remainder when 767 is divided by g.
26
Let j(a) = -a**3 - 4*a**2 - 6*a - 4. Let f be j(-2). Suppose 9*w + w - 290 = f. What is the remainder when w is divided by 14?
1
Let f be -3*5*-7*11/231. Suppose 5*n - f = 0, -31*d - 4*n - 188 = -33*d. What is the remainder when 375 is divided by d?
87
Let i(p) = p**2 + 36*p - 82. Calculate the remainder when i(-45) is divided by 110.
103
Suppose -1338 + 91 = -s. Let f = s + -576. What is the remainder when f is divided by 56?
55
Suppose -1015 = -7*x - 22*x. Calculate the remainder when 74 is divided by x.
4
Let i be (60/40)/((-3)/(-230)). Suppose -2*j + 5*j = 4*k + 92, 0 = -5*j - k + i. Calculate the remainder when -3 + (0 - 5)*-7 is divided by j.
8
Suppose -13*z + 656 = -813. What is the remainder when 6438 is divided by z?
110
Calculate the remainder when 13251 is divided by (-42)/(-12)*((-749)/(-49) - 7).
27
Let k = 144 - 152. Let m(i) = 5 - 7*i**2 + 8*i + 2*i**2 + 6*i**2. Calculate the remainder when 8 is divided by m(k).
3
Let h(v) = 40*v**2 + 50*v + 97. What is the remainder when h(-2) is divided by 28?
17
Let z = -1681 + 1805. Calculate the remainder when z is divided by 2.
0
Let j = 224 - 137. Let b = 19270 - 19245. What is the remainder when j is divided by b?
12
Suppose -19*m + 89*m = 393 + 797. What is the remainder when 3855 is divided by m?
13
Suppose 0 = t + 4*t, 0 = -l + 3*t + 7. Let d(g) = 72*g + 610. Calculate the remainder when d(-8) is divided by l.
6
Let u(t) = -t**3 - 3*t**2 + 50*t + 304. Calculate the remainder when 1361 is divided by u(-7).
11
Let y be (4 + -102)*(-78)/7. Suppose 2*d + 2*d = y. What is the remainder when d is divided by 46?
43
Let q(d) = -6 - 4*d - 513*d**3 + 498*d**3 - 1 - 3*d. Calculate the remainder when q(-2) is divided by 32.
31
Suppose 15 = -12*z + 17*z. Suppose 2*j = -5*a + 479, 2*j = z*a - 7*a + 384. Calculate the remainder when a is divided by 20*((-22)/(-10) + -1).
23
Suppose -77 = -5*m + 4*l, 0 = -2*m + 5*l + 365 - 324. What is the remainder when m is divided by 10?
3
Suppose -3*r = -854 - 412. Suppose r = 16*l - 506. Calculate the remainder when l is divided by 10.
8
Let u be (39/(-6) + 2)*688/(-6). Suppose -l - u = -5*l. Let d = l + -67. What is the remainder when d is divided by 13?
10
Suppose 5*a + 5*o - 975 = 0, -3*a + 22 = 4*o - 570. What is the remainder when 10151 is divided by a?
187
Suppose 2*p + 226 = 4*m, 2*m - 3*p = 75 + 28. Calculate the remainder when 240 is divided by m.
4
Suppose 0 = 4*t, -8*m = -0*m - 4*m - t - 2576. Calculate the remainder when m is divided by 69.
23
Let f = -4561 - -4583. Calculate the remainder when 345 is divided by f.
15
Let y(p) = -68*p + 1309. Calculate the remainder when y(17) is divided by 38.
1
Let r be (2/10)/((-64)/2000)*-4. Let w(g) = -g**3 + 26*g**2 - 27*g + 87. Calculate the remainder when 130 is divided by w(r).
19
Let y = -50 - -83. Let r = -1330 + 1689. Calculate the remainder when r is divided by y.
29
Let x be (0 + 4 - 3)/((-2)/100). Calculate the remainder when (9 - x)*(2 + -1) is divided by 15.
14
Suppose 3*j + 4*m = 9218, 21*m - 20*m - 3073 = -j. What is the remainder when j is divided by 41?
40
Suppose 9*x - 6*x + 4*i = 11301, 0 = -4*x + 5*i + 15006. Calculate the remainder when x is divided by 47.
46
Let h be ((-30)/(-7))/(8/(-280)). Calculate the remainder when 42/(-10)*h/45 is divided by 3.
2
Suppose -43 - 95 = -3*t. Let z = 78 - t. Let y = 91 + -80. What is the remainder when z is divided by y?
10
Let f = 208 + 48. Suppose 6*s + f = 10*s. What is the remainder when s is divided by 24?
16
Suppose -29*s = -12*s + 1632. Let v = -15 - s. Calculate the remainder when v is divided by 17.
13
Calculate the remainder when 397 is divided by 215/10 + 6 + (-52)/8.
19
Calculate the remainder when (42 + (-1080)/(-48))*2 is divided by (30/(-8))/((-2)/24).
39
Let z = 3336 + -3258. What is the remainder when z is divided by 5?
3
Let n(y) = 5*y**2 - 275*y + 3079. Suppose u + 9 = 39. What is the remainder when n(41) is divided by u?
29
Let i(q) = -q**3 - 32*q**2 + 3*q + 117. What is the remainder when (2/4)/(1/166) is divided by i(-32)?
20
Let n(r) = -r**2 - 7. Let b be n(0). Let a be (-42)/((b - -3) + 2). Let u = a + -17. What is the remainder when 6 is divided by u?
2
Let r(f) = 11*f + 11. Let h(k) = 232*k + 232. Suppose 35 = -2*n + 163. Let q(w) = n*r(w) - 3*h(w). What is the remainder when q(5) is divided by 17?
14
Let a(x) = -4*x**2 - 300*x + 248. What is the remainder when a(-74) is divided by 4?
0
Let w(h) = -264*h + 824. Calculate the remainder when 398 is divided by w(3).
14
Let i = 3136 - 2922. Calculate the remainder when i is divided by 107.
0
Suppose 5*n - 5*s = 695, 5*n + 19*s = 20*s + 675. Calculate the remainder when 780 is divided by n.
110
Suppose -40*q - 14043 = -191*q. What is the remainder when q is divided by 12?
9
What is the remainder when 360 is divided by 2658/27 + (-4)/9?
66
Suppose -w - 9 = 4*v + 3, 2*w + v = 11. Suppose -59*j + w = -58*j. Calculate the remainder when 16 is divided by j.
0
Let n = -729900 + 730187. Let r = 275 + -137. Calculate the remainder when n is divided by r.
11
What is the remainder when 466 is divided by (96/6*4)/2?
18
Let 